5 - 1)) + (-12 - 13)?
-34
What is the value of -14 - (20 + -3 + -22)?
-9
What is the value of 3 + 69 + 40 + -73 - -105?
144
Calculate 75 + (-24 + -21 - 13).
17
What is the value of -7 - ((21 + 3 - 3) + -8 - -18)?
-38
(10 - (2 + 10 + -22) - 9) + -36 + -14
-39
(73 - (20 - -106)) + (-1 - -17)
-37
Evaluate -75 - 2 - (111 + -73 - 18).
-97
Calculate -261 - -311 - (-7 - (0 + 18)).
75
(-18 - (2 - 1 - (37 + (-6 - 38)))) + -2
-28
Calculate -8 + 4 + -10 + 19 + 19 + 39.
63
Calculate 10 + -4 + (9 - 9 - (2 + -8 - 4)).
16
(12 - -1) + 228 + -86 + -91
64
Calculate 53 + (10 + -17 + 31 - 9).
68
-32 + 84 + -41 + (-29 - 10)
-28
22 + 3 - (-71 + 120 + -102)
78
Calculate 42 + (-19 - -3) - (-1 + -14).
41
What is the value of (2 - (-2 - 2 - -5)) + -24 + 86 + -88?
-25
What is (0 + 0 - -33) + (160 - 132) + -20?
41
Evaluate (16 - -11) + 16 + 2 + 5 - 1.
49
Calculate 79 + (33 - (38 + 29)).
45
What is -24 + 7 + 14 + (-6 + 2 - -4)?
-3
What is the value of -117 - (-6 + -6 + 15) - (56 + -63)?
-113
-65 + (-3 - 47) + 184
69
What is the value of (1 - -20) + (1 - 1) + 206911 + -206844?
88
-90 + (-18 - 25 - -87)
-46
(161 - 61) + (-2 - 0) + 4 + (24 - 30)
96
(-81 - -56) + (9 - -41)
25
1 - 16 - (115 - (-157 - -345))
58
Calculate -25 + -11 + (36 - 14) - (166 - 60).
-120
(1 - (-20 - -8 - -22)) + 42
33
(-24 - 0) + (-3 - (6 + -8 - -13))
-38
(-23 + (-8 - -21) - (74 - 1)) + -10
-93
Evaluate -47 + (20 - 27) + 32 + 120.
98
What is 105 + -107 - (-10 + -10 + -96)?
114
Evaluate 1 - (-57 + (125 - 10)).
-57
Evaluate (68 - -4) + (1 - (-2 + 26 - 13)).
62
-71 + 116 + 41 + -25
61
What is (0 - (1 + 95)) + (-19 + 7 - -47 - 36)?
-97
What is (-14 - -3) + 3 - -1 - -2 - -75 - 1?
69
Calculate 36 - (0 + 26 + 32).
-22
-139 - -158 - (-23 - 3)
45
Evaluate (20 - (5 + 4) - 11) + 38 + -5.
33
-55 + (179 - 91) + 59
92
Calculate (-8 - 1) + 16 + (3 - (10 + 56)).
-56
Evaluate (-3 - -14) + 10 + -2 + (24 - (33 - 20)).
30
What is the value of -89 + (6 - -3) - (-12 + (-7 - (6 - 25)))?
-80
What is the value of -2 - (2 - (-2 + -38)) - (16612 + -16625)?
-31
What is the value of (4 - -35) + (-167 - -161)?
33
(47 - (87 + -24) - (-1 + -70)) + 3 + 9
67
What is the value of (43 - -2) + 4 + 4 + (-7 - (-9 + 8))?
47
22 - ((11 - 0) + -43 + 93 + -73)
34
What is -10 + (34 - (11 + 10 + -9)) - -19?
31
What is (-5 - ((-4 - (-4 + 3)) + 4)) + -53 + 45?
-14
3205 - 3139 - (-1 + 1)
66
9 + (-9 - -5) - -11
16
-3 + (0 + -19 - (117 - 118 - -25))
-46
Calculate -23 - -10 - (-120 + 61 - 31).
77
What is -64 - (-72 - -144) - -77?
-59
Evaluate 1 + (0 - -1) - (-56 - (30 + -29 + -29)).
30
Calculate (3 - 4) + 469 + -425.
43
What is 38 - (53 - 26) - -26?
37
-5 - (-50 + -14 + -8 + 0 + -4 + 14)
57
What is 19 - (13 - 32) - -19?
57
Calculate -56 - 2 - (34 + -56 + 13).
-49
What is the value of 30 + 1 + (-126 - -176 - 79)?
2
-2 + -7 + 15 - -39 - (-1 + -21 + 25)
42
What is -5 + 3 - 0 - (-3 + -18 + 18)?
1
What is (-27 - -1) + (16 - 7) + (75 - -20)?
78
What is 2 + -2 + -2 - (18 - 4 - 3)?
-13
What is -2 - (7 - 3) - -8 - (35 + 86)?
-119
What is (10 + 4 - -5) + 78 + -67?
30
What is the value of (-14 - (-59 + 30 + -12)) + -9 + -10?
8
Evaluate 53 + (18 - (0 + 85)).
-14
Calculate -130 + 199 - (-19 - -111).
-23
1 + -39 + 19 + (-27 - 0 - (8 - 23))
-31
Evaluate -79 + (3 + (-7 - -18) + (-26 - -19) - 15).
-87
What is 0 - (-1 - (20 - 0)) - 28?
-7
Evaluate 4 + (-6 + -4 - (-13 + 14)) - -77.
70
Calculate -15 - (-33 - -19) - (0 + (113 - (5 - -4))).
-105
Evaluate -12 + (2 - -1) + (-94 - -64 - (62 + 5)).
-106
29 - (0 + 1) - (-71 + 104 + -6 + -21)
22
What is (1 - -1) + -306 + 336 + -74?
-42
Calculate -19 + (15 + -31 - (12 + 4) - -10).
-41
What is 2 + -11 + 6 + -6 - ((37 - 26) + 52)?
-72
What is the value of -4 + 0 - (-8 + -1 + 51 + -1) - 1?
-46
(-1 + 2 - (6 + -8)) + -3 + 1 + -46
-45
Evaluate (6 + 11 + (61 - 84) - 1) + (1 - -4).
-2
Evaluate 6 + (-2 - -1) + (-11 - -15 - (185 - 208)).
32
Calculate (-17 - 7) + 3 + (166 - 76) - -11.
80
What is the value of 176 - 174 - (-6 - (-90 - 2)) - -16?
-68
Evaluate 15 + (-11 - 1) + 1877 + -1862.
18
Calculate 3 + -19 + 7 - (-83 + 76).
-2
Calculate -28 + -2 + 43 + -15 - -1.
-1
Calculate 17 - 4 - (18 + -3 + 15 + -12).
-5
Calculate (18 - 34) + 33 + -1 - 48 - -21.
-11
What is the value of 37 + 16 + 33 - 57?
29
Calculate 35 - (398 + -392 - (-1 + 15) - (1 + -1)).
43
What is (-78 + -10 + 19 - -71) + 1 + -114?
-111
What is the value of (7 - 30 - -44) + -15 - 26?
-20
What is 2 - 10 - (-1235 + 1295)?
-68
What is the value of (-67 - (-2 + 6 + -4)) + (3286 - 3299)?
-80
Evaluate 20 + (10 - (27 + -1)) + (-97 - -2).
-91
Calculate 46 + -9 + -58 - 6.
-27
Calculate 9 + (-18 - -10) + (11 - -9).
21
Evaluate -9 + 6 + -4 + -10 + (20 - 6).
-3
Evaluate 12 + -12 - (3 + -19 - ((18 - 1) + 64)).
97
What is -668 + 649 + (30 - 1) - (-5 - 4 - -6)?
13
Evaluate (697 - 660 - (-23 + -2)) + (1 - (-1 - -2)).
62
What is -7 - (6 + (-41 + -1 + 3 + 0 - 10))?
36
Evaluate -22 + (-14 - (-45 - 13)).
22
Calculate (8 - -1) + -11 + 114 + -26.
86
(41 - 10) + (-9 - (-3 + 7) - 2)
16
Calculate ((-30 - -12) + 30 - 4) + 53.
61
Calculate -42 - 37 - -112 - -29.
62
What is the value of (3 - (4 + 3) - (-64 + 36 - -30)) + -83?
-89
What is 49 - (-12 + 1 - ((-19 - -49) + -47 - 2))?
41
Evaluate 98 - (-2 + 26 - (0 + (7 + -5 - -8))).
84
What is -59 + -28 + 71 - -44?
28
Evaluate -5 - (12 - (3 - 7)) - -47.
26
Evaluate -80 + -21 + 39 + 5 + 4.
-53
Evaluate (2 - 6) + (148 + -252 - -147).
39
Calculate -2 - -9 - (-52 - (-7 + -85)).
-33
Evaluate 37 - -12 - (35 + (11 - 38)).
41
What is the value of 19 + 10 + -17 - (7 - 0) - -1?
6
-43 + 31 + 6 + (5 - 2 - (-5 + -31))
33
-175 - -99 - ((-9 - -7) + 3 - 13)
-64
What is 21 + 37 + 33 + (34 - 43)?
82
Evaluate (-4 - 36) + 29 - 29.
-40
Calculate 547 + -531 + -36 + 1.
-19
Evaluate -32 + (8 - 28 - -44).
-8
What is the value of -23 - (8 + -1 + (-3 - -35))?
-62
Calculate -23 + 3 + (18 - -23 - 97 - 2).
-78
What is the value of (-44 - -47) + 36 + -62?
-23
Evaluate (-8 - 2) + -2 + (64 - (158 - 93)).
-13
What is the value of -13 - -1 - (-8 + -35)?
31
What is (6 + (-5 - 7) - -11) + (-74 - -76)?
7
What is -62 + 56 - (17 + -26 - 9)?
12
What is the value of -9 - (0 + -11 - (-4 + 13 + -99 + 0))?
-88
Calculate -2 + 6 + -7 - (-45 - (-47 + -53)).
-58
38 + (24 - (-51 - -157))
-44
What is the value of (-253 - -152) + 96 - (4 + (-1 - 1))?
-7
(13 - (-4 + -1 + (-7 - -12))) + (47 - 35)
25
What is the value of 22 - (-1 + 13) - 14 - (-12 + -12)?
20
What is -52 + 173 + -169 - (4 + 2)?
-54
Calculate 2 + 1 + -7 - (-845 + 799).
42
What is the value of 516 + -468 - (0 + 13 + -2 + 1 + -2)?
38
What is (0 - (1 + -113)) + (-11641 - -11620)?
91
7 + (-35 - (17 + -5 + -3)) + -18
-55
What is the value of (111 + -22 - 33) + -1 + -3 + (15 - 29)?
38
-114 + 203 + 28 + -20 + 0 + 2
99
(-5 - -70) + (-31 + 41 - 8)
67
Evaluate (449 + -430 - (-4 + 2 + -1)) + -6.
16
What is the value of 6679 + -6722 - (3 - -27)?
-73
Evaluate (114 - (10 + 72)) + 30.
62
-85 - (11 - (36 - -61))
1
Calculate -6 + 14 + 12 - (-1 + -37).
58
What is -2 + 24 - (-124 - (-102 + 32))?
76
Evaluate (-1 - -2) + (-208 + -12 - -158).
-61
Calculate -3 + -13 + 1 - (249 + -138 - 127).
1
Calculate (-34 - 30) + (-15 - -19) + 32 + -14.
-42
Evaluate 198 - (1 + (-32 - -145)).
84
What is the value of (5116 - 5147) + (-5 - -133)?
97
What is the value of (0 - -68 - 19 - -16) + (4 - 2)?
67
What is the value of 16 + 0 + (0 - 2) + (44 - 39)?
19
Calculate 7 - -1 - (-2 + 2) - (167 - 106).
-53
Calculate 2 - (-14 - 3 - (-103 - -89)).
5
-35 + (28 - (-9 - (-35 - -40)))
7
What is 0 + 108 + (70 + -47 - (-18 + 25))?
124
What is 91 - (-119 + 33 - -159)?
18
Evaluate (-130 - -107) + 26 + 9 + (-72 - 0).
-60
What is -29 + -59 + (38 - -4)?
-46
Calculate 25 + (-11 - (-2 + 13 + -5)) + 98.
106
Evaluate -29 - (12 - 10) - 72 - 16.
-119
5 + 0 - ((137 - 149) + (7 - -2) - -2)
6
What is the value of -11 + (-125 - (9 - 38)) - -26?
-81
What is -55 - (16 + -1 - (-25 - (-94 - -54)))?
-55
(101 - (-71 - -143)) + -77
-48
25 + (3 - -1) + (-65 + 57 - (-11 - 0))
32
Evaluate (8 + -5 - -6) + (21 - 74 - -40).
-4
Evaluate -3 + 20 - -1 - (1102 - 1137) - (-4 + 0).
57
What is -2 - (-3 - -4 - 0) - (3156 - 3066)?
-93
What is (3 - ((-46 - -1) + -6 + -20 + 20)) + -5?
49
33 + (2 - 48) + (-1 - -11)
-3
-1 + 34 + (-21 - (59 + -25))
-22
17 + -4 - (326 - 273)
-40
Calculate -157 + 63 - -142 - (0 - -2).
46
Evaluate 24 - (19 - -3